{"id":1644,"date":"2024-12-03T11:51:40","date_gmt":"2024-12-03T11:51:40","guid":{"rendered":"https:\/\/www.insinoorikoulutusjohtajat.fi\/?page_id=1644"},"modified":"2026-03-03T14:13:10","modified_gmt":"2026-03-03T13:13:10","slug":"hallitus","status":"publish","type":"page","link":"https:\/\/www.insinoorikoulutusjohtajat.fi\/?page_id=1644","title":{"rendered":"Hallitus"},"content":{"rendered":"\t\t<div data-elementor-type=\"wp-post\" data-elementor-id=\"1644\" class=\"elementor elementor-1644\">\n\t\t\t\t\t\t<section class=\"elementor-section elementor-top-section elementor-element elementor-element-7293932 elementor-section-boxed elementor-section-height-default elementor-section-height-default\" data-id=\"7293932\" data-element_type=\"section\" data-e-type=\"section\" data-settings=\"{&quot;background_background&quot;:&quot;classic&quot;}\">\n\t\t\t\t\t\t\t<div class=\"elementor-background-overlay\"><\/div>\n\t\t\t\t\t\t\t<div class=\"elementor-container elementor-column-gap-default\">\n\t\t\t\t\t<div class=\"elementor-column elementor-col-100 elementor-top-column elementor-element elementor-element-7a135ea\" data-id=\"7a135ea\" data-element_type=\"column\" data-e-type=\"column\">\n\t\t\t<div class=\"elementor-widget-wrap elementor-element-populated\">\n\t\t\t\t\t\t<div class=\"elementor-element elementor-element-563d25b elementor-widget elementor-widget-elementskit-heading\" data-id=\"563d25b\" data-element_type=\"widget\" data-e-type=\"widget\" data-widget_type=\"elementskit-heading.default\">\n\t\t\t\t<div class=\"elementor-widget-container\">\n\t\t\t\t\t<div class=\"ekit-wid-con\" ><div class=\"ekit-heading elementskit-section-title-wraper text_center   ekit_heading_tablet-   ekit_heading_mobile-\"><h3 class=\"ekit-heading--title elementskit-section-title \">Hallituksen kokoonpano 2025-2026<\/h3><\/div><\/div>\t\t\t\t<\/div>\n\t\t\t\t<\/div>\n\t\t\t\t\t<\/div>\n\t\t<\/div>\n\t\t\t\t\t<\/div>\n\t\t<\/section>\n\t\t<div class=\"elementor-element elementor-element-9e2f7c5 e-grid e-con-boxed e-con e-parent\" data-id=\"9e2f7c5\" data-element_type=\"container\" data-e-type=\"container\">\n\t\t\t\t\t<div class=\"e-con-inner\">\n\t\t<div class=\"elementor-element elementor-element-4c55ca0 e-con-full e-flex e-con e-child\" data-id=\"4c55ca0\" data-element_type=\"container\" data-e-type=\"container\" data-settings=\"{&quot;background_background&quot;:&quot;classic&quot;}\">\n\t\t\t\t<div class=\"elementor-element elementor-element-558236b elementor-position-top elementor-widget elementor-widget-image-box\" data-id=\"558236b\" data-element_type=\"widget\" data-e-type=\"widget\" data-widget_type=\"image-box.default\">\n\t\t\t\t<div class=\"elementor-widget-container\">\n\t\t\t\t\t<div class=\"elementor-image-box-wrapper\"><figure class=\"elementor-image-box-img\"><img fetchpriority=\"high\" decoding=\"async\" width=\"800\" height=\"800\" src=\"https:\/\/www.insinoorikoulutusjohtajat.fi\/wp-content\/uploads\/2024\/12\/mira.jpg\" class=\"attachment-full size-full wp-image-1748\" alt=\"\" srcset=\"https:\/\/www.insinoorikoulutusjohtajat.fi\/wp-content\/uploads\/2024\/12\/mira.jpg 800w, https:\/\/www.insinoorikoulutusjohtajat.fi\/wp-content\/uploads\/2024\/12\/mira-300x300.jpg 300w, https:\/\/www.insinoorikoulutusjohtajat.fi\/wp-content\/uploads\/2024\/12\/mira-780x780.jpg 780w, https:\/\/www.insinoorikoulutusjohtajat.fi\/wp-content\/uploads\/2024\/12\/mira-150x150.jpg 150w, https:\/\/www.insinoorikoulutusjohtajat.fi\/wp-content\/uploads\/2024\/12\/mira-768x768.jpg 768w\" sizes=\"(max-width: 800px) 100vw, 800px\" \/><\/figure><div class=\"elementor-image-box-content\"><h3 class=\"elementor-image-box-title\">Mira Gr\u00f6nvall<\/h3><p class=\"elementor-image-box-description\">Puheenjohtaja, Vaasan AMK<br>\nmira.gronvall@vamk.fi<\/p><\/div><\/div>\t\t\t\t<\/div>\n\t\t\t\t<\/div>\n\t\t\t\t<\/div>\n\t\t<div class=\"elementor-element elementor-element-9acf462 e-con-full e-flex e-con e-child\" data-id=\"9acf462\" data-element_type=\"container\" data-e-type=\"container\" data-settings=\"{&quot;background_background&quot;:&quot;classic&quot;}\">\n\t\t\t\t<div class=\"elementor-element elementor-element-0568032 elementor-position-top elementor-widget elementor-widget-image-box\" data-id=\"0568032\" data-element_type=\"widget\" data-e-type=\"widget\" data-widget_type=\"image-box.default\">\n\t\t\t\t<div class=\"elementor-widget-container\">\n\t\t\t\t\t<div class=\"elementor-image-box-wrapper\"><figure class=\"elementor-image-box-img\"><img decoding=\"async\" width=\"657\" height=\"780\" src=\"https:\/\/www.insinoorikoulutusjohtajat.fi\/wp-content\/uploads\/2025\/02\/Ryynanen-Kai_2020-e1739801706527-657x780.jpg\" class=\"attachment-large size-large wp-image-2739\" alt=\"\" srcset=\"https:\/\/www.insinoorikoulutusjohtajat.fi\/wp-content\/uploads\/2025\/02\/Ryynanen-Kai_2020-e1739801706527-657x780.jpg 657w, https:\/\/www.insinoorikoulutusjohtajat.fi\/wp-content\/uploads\/2025\/02\/Ryynanen-Kai_2020-e1739801706527-253x300.jpg 253w, https:\/\/www.insinoorikoulutusjohtajat.fi\/wp-content\/uploads\/2025\/02\/Ryynanen-Kai_2020-e1739801706527-768x912.jpg 768w, https:\/\/www.insinoorikoulutusjohtajat.fi\/wp-content\/uploads\/2025\/02\/Ryynanen-Kai_2020-e1739801706527.jpg 1000w\" sizes=\"(max-width: 657px) 100vw, 657px\" \/><\/figure><div class=\"elementor-image-box-content\"><h3 class=\"elementor-image-box-title\">Kai Ryyn\u00e4nen<\/h3><p class=\"elementor-image-box-description\">Lapin AMK<br>\nkai.ryynanen@lapinamk.fi<\/p><\/div><\/div>\t\t\t\t<\/div>\n\t\t\t\t<\/div>\n\t\t\t\t<\/div>\n\t\t<div class=\"elementor-element elementor-element-e637fcc e-con-full e-flex e-con e-child\" data-id=\"e637fcc\" data-element_type=\"container\" data-e-type=\"container\" data-settings=\"{&quot;background_background&quot;:&quot;classic&quot;}\">\n\t\t\t\t<div class=\"elementor-element elementor-element-1ebc869 elementor-position-top elementor-widget elementor-widget-image-box\" data-id=\"1ebc869\" data-element_type=\"widget\" data-e-type=\"widget\" data-widget_type=\"image-box.default\">\n\t\t\t\t<div class=\"elementor-widget-container\">\n\t\t\t\t\t<div class=\"elementor-image-box-wrapper\"><figure class=\"elementor-image-box-img\"><img decoding=\"async\" width=\"807\" height=\"780\" src=\"https:\/\/www.insinoorikoulutusjohtajat.fi\/wp-content\/uploads\/2025\/09\/IKJ_verkkosivuvalokuva_Matti_Toppi-e1756994453960-807x780.jpg\" class=\"attachment-large size-large wp-image-2776\" alt=\"\" srcset=\"https:\/\/www.insinoorikoulutusjohtajat.fi\/wp-content\/uploads\/2025\/09\/IKJ_verkkosivuvalokuva_Matti_Toppi-e1756994453960-807x780.jpg 807w, https:\/\/www.insinoorikoulutusjohtajat.fi\/wp-content\/uploads\/2025\/09\/IKJ_verkkosivuvalokuva_Matti_Toppi-e1756994453960-300x290.jpg 300w, https:\/\/www.insinoorikoulutusjohtajat.fi\/wp-content\/uploads\/2025\/09\/IKJ_verkkosivuvalokuva_Matti_Toppi-e1756994453960-768x743.jpg 768w, https:\/\/www.insinoorikoulutusjohtajat.fi\/wp-content\/uploads\/2025\/09\/IKJ_verkkosivuvalokuva_Matti_Toppi-e1756994453960.jpg 1536w\" sizes=\"(max-width: 807px) 100vw, 807px\" \/><\/figure><div class=\"elementor-image-box-content\"><h3 class=\"elementor-image-box-title\">Matti Toppi<\/h3><p class=\"elementor-image-box-description\">Oulun AMK<br>\nmatti.toppi@oamk.fi<\/p><\/div><\/div>\t\t\t\t<\/div>\n\t\t\t\t<\/div>\n\t\t\t\t<\/div>\n\t\t<div class=\"elementor-element elementor-element-7103879 e-con-full e-flex e-con e-child\" data-id=\"7103879\" data-element_type=\"container\" data-e-type=\"container\" data-settings=\"{&quot;background_background&quot;:&quot;classic&quot;}\">\n\t\t\t\t<div class=\"elementor-element elementor-element-9d25466 elementor-position-top elementor-widget elementor-widget-image-box\" data-id=\"9d25466\" data-element_type=\"widget\" data-e-type=\"widget\" data-widget_type=\"image-box.default\">\n\t\t\t\t<div class=\"elementor-widget-container\">\n\t\t\t\t\t<div class=\"elementor-image-box-wrapper\"><figure class=\"elementor-image-box-img\"><img loading=\"lazy\" decoding=\"async\" width=\"1707\" height=\"1566\" src=\"https:\/\/www.insinoorikoulutusjohtajat.fi\/wp-content\/uploads\/2025\/09\/Juho_Rajala_XAMK_kuva-Pihla-Liukkonen-Kontrastia-5-scaled-e1757504491722.jpg\" class=\"attachment-full size-full wp-image-2884\" alt=\"\" srcset=\"https:\/\/www.insinoorikoulutusjohtajat.fi\/wp-content\/uploads\/2025\/09\/Juho_Rajala_XAMK_kuva-Pihla-Liukkonen-Kontrastia-5-scaled-e1757504491722.jpg 1707w, https:\/\/www.insinoorikoulutusjohtajat.fi\/wp-content\/uploads\/2025\/09\/Juho_Rajala_XAMK_kuva-Pihla-Liukkonen-Kontrastia-5-scaled-e1757504491722-300x275.jpg 300w, https:\/\/www.insinoorikoulutusjohtajat.fi\/wp-content\/uploads\/2025\/09\/Juho_Rajala_XAMK_kuva-Pihla-Liukkonen-Kontrastia-5-scaled-e1757504491722-850x780.jpg 850w, https:\/\/www.insinoorikoulutusjohtajat.fi\/wp-content\/uploads\/2025\/09\/Juho_Rajala_XAMK_kuva-Pihla-Liukkonen-Kontrastia-5-scaled-e1757504491722-768x705.jpg 768w, https:\/\/www.insinoorikoulutusjohtajat.fi\/wp-content\/uploads\/2025\/09\/Juho_Rajala_XAMK_kuva-Pihla-Liukkonen-Kontrastia-5-scaled-e1757504491722-1536x1409.jpg 1536w\" sizes=\"(max-width: 1707px) 100vw, 1707px\" \/><\/figure><div class=\"elementor-image-box-content\"><h3 class=\"elementor-image-box-title\">Juho Rajala<\/h3><p class=\"elementor-image-box-description\">Kaakkois-Suomen AMK<br>\n juho.rajala@xamk.fi<\/p><\/div><\/div>\t\t\t\t<\/div>\n\t\t\t\t<\/div>\n\t\t\t\t<\/div>\n\t\t<div class=\"elementor-element elementor-element-7d4e4ee e-con-full e-flex e-con e-child\" data-id=\"7d4e4ee\" data-element_type=\"container\" data-e-type=\"container\" data-settings=\"{&quot;background_background&quot;:&quot;classic&quot;}\">\n\t\t\t\t<div class=\"elementor-element elementor-element-68e76ce elementor-position-top elementor-widget elementor-widget-image-box\" data-id=\"68e76ce\" data-element_type=\"widget\" data-e-type=\"widget\" data-widget_type=\"image-box.default\">\n\t\t\t\t<div class=\"elementor-widget-container\">\n\t\t\t\t\t<div class=\"elementor-image-box-wrapper\"><figure class=\"elementor-image-box-img\"><img loading=\"lazy\" decoding=\"async\" width=\"1707\" height=\"1792\" src=\"https:\/\/www.insinoorikoulutusjohtajat.fi\/wp-content\/uploads\/2025\/09\/Tanhua-220-scaled-e1758720373345.jpg\" class=\"attachment-full size-full wp-image-2930\" alt=\"\" srcset=\"https:\/\/www.insinoorikoulutusjohtajat.fi\/wp-content\/uploads\/2025\/09\/Tanhua-220-scaled-e1758720373345.jpg 1707w, https:\/\/www.insinoorikoulutusjohtajat.fi\/wp-content\/uploads\/2025\/09\/Tanhua-220-scaled-e1758720373345-286x300.jpg 286w, https:\/\/www.insinoorikoulutusjohtajat.fi\/wp-content\/uploads\/2025\/09\/Tanhua-220-scaled-e1758720373345-743x780.jpg 743w, https:\/\/www.insinoorikoulutusjohtajat.fi\/wp-content\/uploads\/2025\/09\/Tanhua-220-scaled-e1758720373345-768x806.jpg 768w, https:\/\/www.insinoorikoulutusjohtajat.fi\/wp-content\/uploads\/2025\/09\/Tanhua-220-scaled-e1758720373345-1463x1536.jpg 1463w\" sizes=\"(max-width: 1707px) 100vw, 1707px\" \/><\/figure><div class=\"elementor-image-box-content\"><h3 class=\"elementor-image-box-title\">Daniela Tanhua<\/h3><p class=\"elementor-image-box-description\">Satakunnan AMK <br>\ndaniela.tanhua@samk.fi<\/p><\/div><\/div>\t\t\t\t<\/div>\n\t\t\t\t<\/div>\n\t\t\t\t<\/div>\n\t\t\t\t\t<\/div>\n\t\t\t\t<\/div>\n\t\t<div class=\"elementor-element elementor-element-4cebee4 e-flex e-con-boxed e-con e-parent\" data-id=\"4cebee4\" data-element_type=\"container\" data-e-type=\"container\">\n\t\t\t\t\t<div class=\"e-con-inner\">\n\t\t\t\t<div class=\"elementor-element elementor-element-5e98888 elementor-widget elementor-widget-heading\" data-id=\"5e98888\" data-element_type=\"widget\" data-e-type=\"widget\" data-widget_type=\"heading.default\">\n\t\t\t\t<div class=\"elementor-widget-container\">\n\t\t\t\t\t<h2 class=\"elementor-heading-title elementor-size-default\">Yhdistyksen s\u00e4\u00e4nn\u00f6t<\/h2>\t\t\t\t<\/div>\n\t\t\t\t<\/div>\n\t\t\t\t\t<\/div>\n\t\t\t\t<\/div>\n\t\t<div class=\"elementor-element elementor-element-d534f3f e-flex e-con-boxed e-con e-parent\" data-id=\"d534f3f\" data-element_type=\"container\" data-e-type=\"container\">\n\t\t\t\t\t<div class=\"e-con-inner\">\n\t\t\t\t<div class=\"elementor-element elementor-element-00a32d1 elementor-widget-mobile__width-initial elementor-widget-tablet__width-initial elementor-widget elementor-widget-text-editor\" data-id=\"00a32d1\" data-element_type=\"widget\" data-e-type=\"widget\" data-widget_type=\"text-editor.default\">\n\t\t\t\t<div class=\"elementor-widget-container\">\n\t\t\t\t\t\t\t\t\t<p><strong>1 \u00a7<\/strong><\/p><p>Yhdistys, jonka nimi on Insin\u00f6\u00f6rikoulutusjohtajat ry, toimii ammattikorkeakoulujen tekniikan alojen vastuuhenkil\u00f6iden v\u00e4lisen\u00e4 yhdyssiteen\u00e4. Yhdistyksen kotipaikka on Helsinki.<\/p><p><strong>2 \u00a7<\/strong><\/p><p>Yhdistyksen tarkoituksena on tukea valtakunnallisesti insin\u00f6\u00f6rikoulutuksen ja eri tekniikan alojen koulutuksen kehitt\u00e4mist\u00e4, edist\u00e4\u00e4 j\u00e4sentens\u00e4 ammattitaidon kehittymist\u00e4, lis\u00e4t\u00e4 heid\u00e4n ammattikasvatuspedagogisia taitojaan ja teknillis-tieteellist\u00e4 kehityst\u00e4\u00e4n, kehitt\u00e4\u00e4 heid\u00e4n hallinnollisia johtamistaitojaan sek\u00e4 edist\u00e4\u00e4 suomalaisen insin\u00f6\u00f6rikoulutuksen kansainv\u00e4listymist\u00e4.<\/p><p><strong>3 \u00a7<\/strong><\/p><p>Yhdistys toteuttaa tarkoitustaan j\u00e4rjest\u00e4m\u00e4ll\u00e4 kursseja, kokouksia ja alakohtaisia teematilaisuuksia toimeenpanemalla opinto- ja virkistysmatkoja. Yhdistys hoitaa yhteyksi\u00e4 valtion ja kuntien viranomaisiin, elinkeinoel\u00e4m\u00e4\u00e4n ja korkeakouluihin ja oppilaitoksiin. Yhdistys voi asettaa ty\u00f6ryhmi\u00e4, tehd\u00e4 aloitteita, antaa lausuntoja ja harjoittaa julkaisutoimintaa sek\u00e4 olla j\u00e4senen\u00e4 kansainv\u00e4lisiss\u00e4 insin\u00f6\u00f6rikoulutusj\u00e4rjest\u00f6iss\u00e4 ja osallistua erilaisiin tapahtumiin.<\/p><p><strong>4 \u00a7<\/strong><\/p><p>Yhdistykseen voivat kuulua ammattikorkeakoulujen insin\u00f6\u00f6rikoulutuksen johtamisesta ja sen kehitt\u00e4misest\u00e4 vastuussa olevat henkil\u00f6t. Yhdistyksen hallitus voi kutsua kunniaj\u00e4seneksi henkil\u00f6n, joka on ansiokkaasti toiminut sen asettamien p\u00e4\u00e4m\u00e4\u00e4rien hyv\u00e4ksi. Yhdistykseen voivat kuulua my\u00f6s oikeuskelpoiset yhteis\u00f6t. Saavutetut j\u00e4senedut s\u00e4ilyv\u00e4t.<\/p><p><strong>5 \u00a7<\/strong><\/p><p>Toimintansa rahoittamiseksi yhdistys voi vastaanottaa avustuksia, lahjoituksia ja testamentteja, harjoittaa julkaisu- ja kustannustoimintaa. Yhdistys voi my\u00f6s omistaa kiinteist\u00f6j\u00e4 ja arvopapereita.<\/p><p><strong>6 \u00a7<\/strong><\/p><p>P\u00e4\u00e4t\u00f6svalta yhdistyksen asioissa on yhdistyksen kokouksella. Vuosikokous pidet\u00e4\u00e4n hallituksen kutsusta touko \u0096 elokuussa. Vuosikokouskutsu on l\u00e4hetett\u00e4v\u00e4 j\u00e4senille kirjeen\u00e4 tai s\u00e4hk\u00f6isesti v\u00e4hint\u00e4\u00e4n kaksi viikkoa ennen kokousp\u00e4iv\u00e4\u00e4.<\/p><p>Yhdistys kutsutaan ylim\u00e4\u00e4r\u00e4iseen kokoukseen, milloin hallitus katsoo sen tarpeelliseksi tai kun v\u00e4hint\u00e4\u00e4n 1\/10 yhdistyksen j\u00e4senist\u00e4 aiheen ilmoittaen kirjallisesti pyyt\u00e4\u00e4 sit\u00e4 hallitukselta. Kutsu ylim\u00e4\u00e4r\u00e4iseen kokoukseen suoritetaan kuten vuosikokoukseen, kutsussa on mainittava k\u00e4sitelt\u00e4v\u00e4t asiat.<\/p><p>Yhdistyksen toiminta- ja tilivuosi on toukokuun ensimm\u00e4isest\u00e4 p\u00e4iv\u00e4st\u00e4 huhtikuun viimeiseen p\u00e4iv\u00e4\u00e4n.<\/p><p><strong>8 \u00a7<\/strong><\/p><p>Vuosikokouksessa k\u00e4sitell\u00e4\u00e4n seuraavat asiat:<br \/>1) Valitaan kokouksen puheenjohtaja, sihteeri sek\u00e4 kaksi p\u00f6yt\u00e4kirjan tarkistajaa<br \/>2) esitet\u00e4\u00e4n hallituksen kertomus edelliselt\u00e4 toimintavuodelta<br \/>3) esitet\u00e4\u00e4n tilintarkastajain lausunto ja p\u00e4\u00e4tet\u00e4\u00e4n vastuuvapauden my\u00f6nt\u00e4misest\u00e4 hallitukselle,<br \/>4) p\u00e4\u00e4tet\u00e4\u00e4n hallituksen j\u00e4senille mahdollisesti suoritettavasta palkkiosta, matkakulujen korvauksesta ja p\u00e4iv\u00e4rahasta<br \/>5) valitaan hallituksen puheenjohtaja seuraavaksi toimintavuodeksi<br \/>6) valitaan hallituksen varsinaiset j\u00e4senet ja n\u00e4iden henkil\u00f6kohtaiset varamiehet seuraavaksi toimintavuodeksi<br \/>7) valitaan kaksi tilintarkastajaa ja heille varamiehet seuraavaksi toimintavuodeksi<br \/>8) m\u00e4\u00e4r\u00e4t\u00e4\u00e4n j\u00e4senmaksun suuruus<br \/>9) vahvistetaan yhdistyksen toimintasuunnitelma seuraavaksi toimintavuodeksi<br \/>10) vahvistetaan yhdistyksen talousarvio seuraavaksi toimintavuodeksi<br \/>11) k\u00e4sitell\u00e4\u00e4n muut kokouskutsussa mainitut asiat<br \/>J\u00e4senill\u00e4 on oikeus viimeist\u00e4\u00e4n nelj\u00e4 viikkoa ennen vuosikokousta tehd\u00e4 hallitukselle esityksi\u00e4 vuosikokouksessa k\u00e4sitelt\u00e4vist\u00e4 asioista.<\/p><p><strong>9 \u00a7<\/strong><\/p><p>\u00c4\u00e4nestys yhdistyksen kokouksessa on avoin, ellei joku l\u00e4sn\u00e4olijoista vaadi suljettua \u00e4\u00e4nestyst\u00e4. J\u00e4senill\u00e4 on oikeus \u00e4\u00e4nest\u00e4\u00e4 my\u00f6s yhdell\u00e4 valtakirjalla. Asiat ratkaistaan yksinkertaisella \u00e4\u00e4nten enemmist\u00f6ll\u00e4. \u00c4\u00e4nten menness\u00e4 tasan on puheenjohtajan \u00e4\u00e4ni ratkaiseva lukuun ottamatta vaaleja, joissa arpa ratkaisee.<\/p><p><strong>10 \u00a7<\/strong><\/p><p>Yhdistyksell\u00e4 on hallitus, johon kuuluu puheenjohtaja ja nelj\u00e4 varsinaista j\u00e4sent\u00e4 sek\u00e4 heille varaj\u00e4senet. Puheenjohtaja ja hallituksen j\u00e4senet valitaan kahdeksi vuodeksi kerrallaan. Kaksi j\u00e4sent\u00e4 ja heid\u00e4n varaj\u00e4senens\u00e4 on vuosittain erovuorossa. Hallitus valitsee vuosittain keskuudestaan varapuheenjohtajan, sihteerin ja taloudenhoitajan. Hallitus on p\u00e4\u00e4t\u00f6svaltainen, kun puheenjohtaja tai varapuheenjohtaja ja v\u00e4hint\u00e4\u00e4n kaksi j\u00e4sent\u00e4 on saapuvilla.<\/p><p><strong>11 \u00a7<\/strong><\/p><p>Hallituksen teht\u00e4v\u00e4n\u00e4 on:<br \/>1) Johtaa yhdistyksen toimintaa s\u00e4\u00e4nt\u00f6jen edellytt\u00e4m\u00e4ll\u00e4 tavalla<br \/>2) hoitaa yhdistyksen taloutta<br \/>3) ottaa ja erottaa j\u00e4senet ja pit\u00e4\u00e4 j\u00e4senluetteloa<br \/>4) toteuttaa yhdistyksen kokouksen p\u00e4\u00e4t\u00f6kset<br \/>5) kutsua koolle yhdistyksen vuosikokous ja ylim\u00e4\u00e4r\u00e4iset kokoukset sek\u00e4 valmistella niiss\u00e4 k\u00e4sitelt\u00e4v\u00e4t asiat<br \/>6) asettaa tarpeelliset ty\u00f6ryhm\u00e4t ja toimikunnat.<\/p><p><strong>12 \u00a7<\/strong><\/p><p>Yhdistyksen nimen kirjoittavat joko puheenjohtaja yksin tai kaksi hallituksen varsinaista j\u00e4sent\u00e4 yhdess\u00e4.<\/p><p><strong>13 \u00a7<\/strong><\/p><p>Ehdotus n\u00e4iden s\u00e4\u00e4nt\u00f6jen muuttamiseksi on j\u00e4tett\u00e4v\u00e4 hallitukselle viimeist\u00e4\u00e4n nelj\u00e4 viikkoa ennen vuosikokousta. Vuosikokous ratkaisee s\u00e4\u00e4nt\u00f6jen muutosta koskevat asiat v\u00e4hint\u00e4\u00e4n \u0178 \u00e4\u00e4ntenenemmist\u00f6ll\u00e4 annetuista \u00e4\u00e4nist\u00e4.<\/p><p>Yhdistyksen purkamisesta p\u00e4\u00e4tet\u00e4\u00e4n my\u00f6s \u0178 \u00e4\u00e4ntenenemmist\u00f6ll\u00e4 annetuista \u00e4\u00e4nist\u00e4, lis\u00e4ksi p\u00e4\u00e4tet\u00e4\u00e4n yksinkertaisella \u00e4\u00e4ntenenemmist\u00f6ll\u00e4 yhdistyksen varojen luovuttamisesta johonkin yhdistyksen tarkoitusta l\u00e4hell\u00e4 olevaan kohteeseen.<\/p>\t\t\t\t\t\t\t\t<\/div>\n\t\t\t\t<\/div>\n\t\t\t\t\t<\/div>\n\t\t\t\t<\/div>\n\t\t\t\t<\/div>\n\t\t","protected":false},"excerpt":{"rendered":"<p>Hallituksen kokoonpano 2025-2026 Mira Gr\u00f6nvall Puheenjohtaja, Vaasan AMK mira.gronvall@vamk.fi Kai Ryyn\u00e4nen Lapin AMK kai.ryynanen@lapinamk.fi Matti Toppi Oulun AMK matti.toppi@oamk.fi Juho Rajala Kaakkois-Suomen AMK juho.rajala@xamk.fi Daniela Tanhua Satakunnan AMK daniela.tanhua@samk.fi Yhdistyksen s\u00e4\u00e4nn\u00f6t 1 \u00a7 Yhdistys, jonka nimi on Insin\u00f6\u00f6rikoulutusjohtajat ry, toimii ammattikorkeakoulujen tekniikan alojen vastuuhenkil\u00f6iden v\u00e4lisen\u00e4 yhdyssiteen\u00e4. Yhdistyksen kotipaikka on Helsinki. 2 \u00a7 Yhdistyksen tarkoituksena on&#8230;<\/p>\n","protected":false},"author":4,"featured_media":0,"parent":0,"menu_order":0,"comment_status":"closed","ping_status":"closed","template":"elementor_header_footer","meta":{"_kad_post_transparent":"","_kad_post_title":"","_kad_post_layout":"","_kad_post_sidebar_id":"","_kad_post_content_style":"","_kad_post_vertical_padding":"","_kad_post_feature":"","_kad_post_feature_position":"","_kad_post_header":false,"_kad_post_footer":false,"_kad_post_classname":"","footnotes":""},"class_list":["post-1644","page","type-page","status-publish","hentry"],"_links":{"self":[{"href":"https:\/\/www.insinoorikoulutusjohtajat.fi\/index.php?rest_route=\/wp\/v2\/pages\/1644","targetHints":{"allow":["GET"]}}],"collection":[{"href":"https:\/\/www.insinoorikoulutusjohtajat.fi\/index.php?rest_route=\/wp\/v2\/pages"}],"about":[{"href":"https:\/\/www.insinoorikoulutusjohtajat.fi\/index.php?rest_route=\/wp\/v2\/types\/page"}],"author":[{"embeddable":true,"href":"https:\/\/www.insinoorikoulutusjohtajat.fi\/index.php?rest_route=\/wp\/v2\/users\/4"}],"replies":[{"embeddable":true,"href":"https:\/\/www.insinoorikoulutusjohtajat.fi\/index.php?rest_route=%2Fwp%2Fv2%2Fcomments&post=1644"}],"version-history":[{"count":6,"href":"https:\/\/www.insinoorikoulutusjohtajat.fi\/index.php?rest_route=\/wp\/v2\/pages\/1644\/revisions"}],"predecessor-version":[{"id":2945,"href":"https:\/\/www.insinoorikoulutusjohtajat.fi\/index.php?rest_route=\/wp\/v2\/pages\/1644\/revisions\/2945"}],"wp:attachment":[{"href":"https:\/\/www.insinoorikoulutusjohtajat.fi\/index.php?rest_route=%2Fwp%2Fv2%2Fmedia&parent=1644"}],"curies":[{"name":"wp","href":"https:\/\/api.w.org\/{rel}","templated":true}]}}